 n + 21734. Is i composite?
False
Suppose 9*r - 1278455 = -14*r. Suppose -4*w + r = 2*l + 3*l, 5*w - 33364 = -3*l. Is l a composite number?
False
Is 38 + -26 + (-576449)/(-1) a composite number?
False
Let d be -5*7/105 - (-7)/3. Let k(j) = j**3 - 5*j**2 + 5*j - 2. Let z be k(4). Suppose -188 - 223 = -2*i - n, -z*n = d*i - 416. Is i composite?
True
Let n(r) = 3108*r**2 - 17*r - 16. Suppose 6*p - 39 = -45. Is n(p) prime?
True
Let f = -234 - -254. Is (16475/f - 6)/(3/12) a composite number?
False
Suppose h + 4*h - 35 = 0. Suppose 0 = 2*c - h*c + 20. Is 150 + (c - 5) - 0 composite?
False
Let s(a) = 12143*a**3 + 3*a**2 + 11*a - 41. Is s(4) prime?
False
Let o = 871 - 921. Is (12637/(-5))/(o/250) composite?
False
Is 1*-5 + 553/79 - -32231 a composite number?
False
Let a = 5385 + -2558. Suppose j = 970 - 2908. Let o = j + a. Is o a prime number?
False
Suppose 3*i + l + 20 = -i, -5*i = -5*l + 50. Is (-21550)/(-26) + i + 480/78 prime?
True
Let i = 2724291 - 1868028. Is i composite?
True
Let n(w) = 93*w + 9. Let m be n(-8). Let d = m - -1060. Let u = -114 + d. Is u prime?
True
Let x(l) = -l**2 + 36*l - 20. Let p be x(38). Is (-18)/(-48) - 988860/p a composite number?
False
Suppose 8 = 4*c, 26*c - 27*c = -4*w + 16954. Suppose l = -3*q + 4246, 2*q - w = -4*l + 12715. Is l a prime number?
False
Suppose 184304 + 209601 = 5*d - 5*q, -2*d - q + 157556 = 0. Is d composite?
False
Suppose -5*o + 20 = 0, -12 = 4*u - 5*o - 0*o. Suppose 365 - 4079 = 4*q - u*a, 0 = 4*q - 4*a + 3708. Let t = -549 - q. Is t prime?
False
Is 1314498744/2808 - 40/(-6) prime?
True
Suppose 0 = 3*b - 3*k - 0 + 9, 2*b - k = -11. Suppose -4*n + 5*v - 2*v = 2419, -2*n - 1220 = 2*v. Is b - -13 - 2*n a composite number?
True
Suppose 5*s = -11*s + 32. Is (631/(s + -1))/((-13)/(-143)) a composite number?
True
Suppose -46*t + 1540279 = -2368663. Is t a composite number?
False
Let w(i) = -89*i - 19. Let v(p) = -263*p - 57. Let n(y) = -6*v(y) + 17*w(y). Is n(0) a prime number?
True
Is (144/(-96)*(-2)/3)/((-3)/(-192813)) prime?
True
Suppose 2*h - 92*d - 424906 = -88*d, 5*h = -3*d + 1062161. Is h composite?
False
Let q(j) = -j**3 - 14*j**2 + 154*j - 52. Is q(-33) a prime number?
False
Let o = -81713 + 216352. Is o a prime number?
True
Let f = -76 + 114. Let n = f + -36. Suppose -l + 5*l = -4*q + 592, n*q - 147 = -l. Is l composite?
False
Let c be (-15 + 3)*((-48)/8 - -2). Let b = c - -1195. Is b composite?
True
Suppose -5 = 4*a + 11, -4*x - 8 = 2*a. Suppose 43 = 16*n - 21. Suppose x = n*k - 1557 - 3791. Is k prime?
False
Suppose 4*g - 1 - 7 = 0. Is (1236 + -23)*g/1 a composite number?
True
Is (-2551)/((-3 + 24/6)/(-1)) composite?
False
Let i be (-1667 - ((-15)/10)/1)*-130. Suppose 5*d = 0, 4*d + 295220 + i = 5*t. Is t prime?
False
Let q be ((-2)/(-3) + -2)/((-12)/54). Is ((-78190)/(-30))/(2/q) a composite number?
True
Is (((-785)/45)/((-1)/(-3)))/((-28)/74004) prime?
False
Let w = 24 - 22. Let s(t) = -527*t - 5. Let j be s(w). Let r = j + 1530. Is r composite?
True
Suppose -45*i - 41*i + 387930 = -248728. Is i prime?
False
Let z(n) = 2*n**2 + 5*n + 2. Let c be z(-2). Suppose 17*j - 14*j - 1671 = c. Is j a prime number?
True
Suppose x + 16776 = -2*x - 2*o, -3*x - o - 16773 = 0. Let p = -3092 - x. Suppose -p = -4*g + 2*n, -n - 9 = 2*n. Is g a prime number?
False
Let x(n) = 3*n + 24. Let b be x(-8). Suppose b = 4*f + 6740 - 22060. Suppose -29*c - f = -31*c. Is c a composite number?
True
Let j = 19 - 17. Let w(r) = 363*r**2 + 9*r - 5. Is w(j) prime?
False
Suppose -l + 2 = 4*t + 4, 4*l - 12 = 4*t. Let f be 7 + (t + -3)*12/24. Suppose 2503 = 3*j + f*k, -4*k = -2*j + 1727 - 73. Is j a prime number?
False
Let i(q) = -7*q + 77. Suppose -3*u + 2*p = -15 - 8, 2*p - 21 = -u. Let g be i(u). Is (10 + -9)*(1087 - g) composite?
False
Let l(q) = -19*q**2 - 99*q + 97*q + 7*q**2 - 2*q**3 - 27. Is l(-14) a composite number?
False
Let y be ((-84)/77)/((-6)/33). Suppose 0 = -0*s - y*s + 4062. Is s prime?
True
Let d(a) = 30681*a - 158. Is d(5) composite?
False
Let x = 203 + -182. Is (-683)/(4 + ((-171)/x - -4)) a prime number?
False
Suppose -2*m - 18 + 22 = 2*p, -p + 6 = -m. Let a = 4 - -4. Is (131*(-3)/(-6))/(p/a) composite?
False
Let f = 149821 + 64660. Is f composite?
False
Suppose 0 = 12*o - 13*o - 4, -p = o. Suppose -4962 = -3*z - 4*b - 845, -p*z + 5*b = -5479. Is z a prime number?
False
Suppose -k = -2*f + 546, -5*f - 384 = 5*k + 2406. Let t = 123 - k. Is t composite?
False
Let n = 475 - 464. Suppose -7*b + n*b - 11708 = 0. Is b a prime number?
True
Suppose 4*c - u - 17911 = 0, 3*u + 13431 = 6*c - 3*c. Suppose -4*h + 1846 = -c. Suppose 0 = 3*j - 516 - h. Is j prime?
False
Let l = -281 - -285. Suppose 4*v - l*m + 4646 = 6*v, -4*v + 2*m = -9342. Is v a composite number?
False
Let o be 2*((-6)/(-3) + 0). Suppose 3*k + 1171 = o*k + 5*t, -2*k + 5*t = -2297. Let j = k + -171. Is j composite?
True
Let p(v) = -22*v**3 - 7*v**2 - 9*v + 75. Is p(-14) composite?
False
Let t = 113816 - -300791. Is t a prime number?
True
Suppose 1675 - 6246 = 5*w - 2*b, -3*w = -b + 2742. Let q be 19158/10 + (-3)/(-15). Let s = q + w. Is s a composite number?
True
Suppose 20*o - 2335964 = -o - 617681. Is o a composite number?
True
Suppose 0 = 6*s - 18*s + 276252. Let t = s + -15628. Is t composite?
False
Suppose -3*g - 3*d = -322992, -5*g = -21*d + 19*d - 538285. Is g a prime number?
False
Let o(m) = 5330*m**2 + 10*m - 1. Let a be o(2). Let v = 36034 - a. Is v composite?
True
Let j be 6 - 4 - (0 + 2). Suppose -12*p + 6*p - 24 = j. Is 8344/(-14)*5/p a composite number?
True
Let t(u) = -2054*u - 23. Suppose -26 - 52 = -13*a. Suppose a*j + 25 = 7. Is t(j) a composite number?
True
Is -5 + 4 + 24 - -87228 a prime number?
True
Is (-329078)/(-7) + 19/(-133) a composite number?
True
Let b be (-8 + 0)*(39/3 + 5985). Let v = b - -68337. Is v composite?
False
Suppose -2*f = -2*r + r, -4*r - 4*f = -60. Suppose -r*z + 207953 = 12643. Is z composite?
False
Suppose 74*k - 6*k - 3277485 = 559211. Is k prime?
False
Suppose 600849 + 169667 = 3*f + 5*k, 4*k = -2*f + 513674. Is f a composite number?
True
Suppose n + 4*p + 16 = 0, -5*n + 2*n + p + 17 = 0. Let r(f) = -5 + 12*f**2 - n*f - 32*f**3 - 11*f**3 - 12*f**2. Is r(-2) prime?
True
Suppose 3*a - 604 = 143. Suppose -a = w - 1186. Is w prime?
True
Is ((-4)/5 + 1)*(31 + -35 + 827489) a composite number?
True
Let w be ((-25)/(-15) - 2) + (-104)/(-6). Suppose -10*b = -w*b + 427. Suppose -10*x + b = -49. Is x composite?
False
Let f be -1 + (-6)/(-4)*(-34)/3. Is (3 - 0)*(-4254)/f prime?
True
Let k(a) = 142*a**2 - 151*a + 8867. Is k(65) a prime number?
False
Let i be (0 - (-6 - -3)) + 1. Let z be i*1 + (5 - 18). Is ((-2192)/(-6))/(z/(-27)) - -1 a prime number?
True
Let k(z) = -39*z + 1138. Let d be k(29). Let l(y) = 3*y**3 - y**2 - 2*y**2 + 10*y + 5 + 2*y**3. Is l(d) a composite number?
True
Suppose 0 = 2*j + 215 - 993. Let z = 493 + -231. Let w = j - z. Is w composite?
False
Let g(x) be the third derivative of 11*x**8/20160 + x**7/336 + x**6/720 + x**5/4 + 23*x**2. Let n(a) be the third derivative of g(a). Is n(-5) a prime number?
False
Let q be 15/6 - 33/(-22). Suppose -q*n - 3 = -7, 2*n = 4*g - 18242. Is g composite?
False
Let q = 70 + -65. Suppose 4*p = -v + 765, q - 1 = 4*v. Is p a prime number?
True
Let q(p) = 13*p**2 + 34*p + 467. Is q(-64) a prime number?
True
Suppose -650 = 39*u - 44*u. Let l = 501 - u. Is l a prime number?
False
Let v(m) = -3*m**2 + 144*m + 624119. Is v(0) a prime number?
True
Let g be 0 + (-2 - -3)*2. Suppose 129 + 195 = g*t. Let r = 969 - t. Is r a composite number?
True
Let s(l) = -7*l**3 - l**2 + 21*l - 13. Suppose 4*x = -n + 5 - 19, -5*n = 3*x + 53. Is s(n) a composite number?
True
Let y(j) = -77*j + 626. Is y(-45) composite?
False
Suppose -4*z + 888832 = -36*s + 40*s, z - 3*s = 222220. Is z prime?
False
Let h be (17 - 1)/(1/11*-2). Let g = h + 78. Is (-5578)/g + (-6 - 52/(-10)) a prime number?
True
Suppose 4*f - 7833507 = -7*f - 22*f. Is f prime?
True
Let b be ((-120)/11)/(-6) + (-4)/(-22). Suppose -2*d + 1631 = -5*t + 4*t, -4*d - b*t = -3258. Is d prime?
False
Let u be (170/(-3))/((-14)/(-2347884)). Is 3/(-4) - (u/(-48))/(-11) a prime number?
False
Let s = 1614 + 21239. Is s a composite number?
False
Let g = -655 - -957. Suppose -295*b - 5719 = -g*b. Is b a prime number?
False
Is (32469